{"id":2,"date":"2010-01-05T10:44:11","date_gmt":"2010-01-05T15:44:11","guid":{"rendered":"https:\/\/aws.psycho-ressources.com\/blog\/?page_id=2"},"modified":"2017-04-25T08:08:47","modified_gmt":"2017-04-25T12:08:47","slug":"a-propos","status":"publish","type":"page","link":"https:\/\/www.psycho-ressources.com\/blog\/a-propos\/","title":{"rendered":"\u00c0 propos du blog"},"content":{"rendered":"<p><strong><span style=\"font-family: Arial; color: #000000; font-size: small;\">Psycho-Ressources, t<\/span><\/strong><strong><span style=\"font-family: Arial; color: #000000; font-size: small;\">oujours en \u00e9volution&#8230; <\/span> <\/strong><\/p>\n<p>Le blog de Psycho-Ressources est un espace de parole collectif anim\u00e9 par les professionnels de la psychologie membres de Psycho-Ressources.<\/p>\n<p>\u00c0 l\u2019heure o\u00f9 le Web exploite toutes les facettes d\u2019une plus grande connectivit\u00e9 entre les internautes, Psycho-Ressources propose\u00a0\u00e0 ses membres d\u2019interagir et r\u00e9agir en temps r\u00e9el \u00e0 propos de l\u2019actualit\u00e9 de la psychologie sur le web! Chaque professionnel membre de Psycho-Ressources peut y \u00e9crire un commentaire, pr\u00e9senter un livre, publier des articles, commenter des articles, pr\u00e9senter des liens, faire des contacts, lancer des invitations et plus, et plus.<\/p>\n<p>Construit \u00e0 partir de la plate-forme <em>WordPress<\/em>, le Blog de Psycho-Ressources se veut limpide\u00a0et convivial. Cet espace de psychologie interactive est r\u00e9serv\u00e9 aux membres, professionnels de la psychologie, mais visible pour le b\u00e9n\u00e9fice de tous les amateurs de psychologie qui visitent Psycho-Ressources.<\/p>\n<p>Au plaisir de collaborer \u00e0 votre visibilit\u00e9 sur le Web!<\/p>\n<p>Alain Rioux, Ph. D., Psychologie<br \/>\nGestionnaire de Psycho-Ressources et PSYnergie<br \/>\nQu\u00e9bec, Qu\u00e9bec, Canada<\/p>\n<p><a href=\"https:\/\/aws.psycho-ressources.com\/blog\/wp-content\/uploads\/2010\/01\/logo-jean-philippe-legault-sm.jpg\"><img loading=\"lazy\" decoding=\"async\" class=\"size-full wp-image-303 alignnone\" title=\"logo-jean-philippe-legault-sm\" src=\"https:\/\/aws.psycho-ressources.com\/blog\/wp-content\/uploads\/2010\/01\/logo-jean-philippe-legault-sm.jpg\" alt=\"\" width=\"168\" height=\"70\" \/><\/a><\/p>\n<p>Une association avec bjpcommunication.com.<br \/>\nJean-Philippe Legault &#8211; D\u00e9veloppement web &amp; strat\u00e9gie<\/p>\n<a href='http:\/\/twitter.com\/share' class='twitter-share-button' data-text='\u00c0 propos du blog' data-url='https:\/\/www.psycho-ressources.com\/blog\/?p=2' data-counturl='https:\/\/www.psycho-ressources.com\/blog\/a-propos\/' data-count='horizontal' data-via='LesPSY'>Tweet<\/a>","protected":false},"excerpt":{"rendered":"<p>Psycho-Ressources, toujours en \u00e9volution&#8230; Le blog de Psycho-Ressources est un espace de parole collectif anim\u00e9 par les professionnels de la psychologie membres de Psycho-Ressources. \u00c0 l\u2019heure o\u00f9 le Web exploite toutes les facettes d\u2019une plus grande connectivit\u00e9 entre les internautes, &hellip; <a href=\"https:\/\/www.psycho-ressources.com\/blog\/a-propos\/\">Continuer la lecture <span class=\"meta-nav\">&rarr;<\/span><\/a><\/p>\n","protected":false},"author":1,"featured_media":0,"parent":0,"menu_order":0,"comment_status":"open","ping_status":"open","template":"","meta":{"_monsterinsights_skip_tracking":false,"_monsterinsights_sitenote_active":false,"_monsterinsights_sitenote_note":"","_monsterinsights_sitenote_category":0,"footnotes":""},"class_list":["post-2","page","type-page","status-publish","hentry"],"aioseo_notices":[],"_links":{"self":[{"href":"https:\/\/www.psycho-ressources.com\/blog\/wp-json\/wp\/v2\/pages\/2","targetHints":{"allow":["GET"]}}],"collection":[{"href":"https:\/\/www.psycho-ressources.com\/blog\/wp-json\/wp\/v2\/pages"}],"about":[{"href":"https:\/\/www.psycho-ressources.com\/blog\/wp-json\/wp\/v2\/types\/page"}],"author":[{"embeddable":true,"href":"https:\/\/www.psycho-ressources.com\/blog\/wp-json\/wp\/v2\/users\/1"}],"replies":[{"embeddable":true,"href":"https:\/\/www.psycho-ressources.com\/blog\/wp-json\/wp\/v2\/comments?post=2"}],"version-history":[{"count":10,"href":"https:\/\/www.psycho-ressources.com\/blog\/wp-json\/wp\/v2\/pages\/2\/revisions"}],"predecessor-version":[{"id":8137,"href":"https:\/\/www.psycho-ressources.com\/blog\/wp-json\/wp\/v2\/pages\/2\/revisions\/8137"}],"wp:attachment":[{"href":"https:\/\/www.psycho-ressources.com\/blog\/wp-json\/wp\/v2\/media?parent=2"}],"curies":[{"name":"wp","href":"https:\/\/api.w.org\/{rel}","templated":true}]}}